(35 - 43 - -9) + -21?
-20
Calculate (8 - 1) + (78 - 58) - 9.
18
(6 - 7) + -6 - -2
-5
What is 6 + (-2 - 4) + -13 + -6 + 4?
-15
Calculate -1 + -3 + -6 - -15.
5
Evaluate 5 - ((-17 - (0 + -1)) + 7 + 2).
12
What is -1 - (9 + 0) - (-40 + (103 - 66))?
-7
-19 + (-9 - -12) + 13
-3
Calculate 5 - (-7 + (-5 - -54) + -2) - -10.
-25
19 + 23 + (-3 - -1 - 0 - 5)
35
Calculate -38 + (-18 - -31) - (4 - 7 - 3).
-19
Evaluate 3 - 3 - ((3 - 3) + 9).
-9
What is 2 + -8 + 10 + -7 + 0 + 5?
2
What is the value of 12 + -25 + 10 + 5?
2
What is the value of 10 + -5 + -2 + -1 + 2 + -14?
-10
Calculate -25 - (-19 + -6) - (2 - -1).
-3
Evaluate 15 + (8 - (-1 - -62) - -6).
-32
What is the value of 94 - 68 - (21 + 10)?
-5
(-3 - (-4 - 4 - -5 - -4)) + 12
8
What is 8 - (3 - 4) - 24 - 2 - -8?
-9
What is the value of -1 - -17 - (10 + -23 - -5)?
24
(7 - (-3 + 1)) + -123 + 114
0
Evaluate -1 + (5 - 5 - 10 - -6).
-5
Calculate -14 + 8 + (7 - -8).
9
Calculate -27 - (-4 - 3 - (2 + -3 - -3)).
-18
Evaluate (-1 - -10) + 8 + -16.
1
14 - 8 - (8 - 10 - 10)
18
-1 - (17 - 12) - ((-4 - 2) + 7)
-7
(20 - (12 - 8)) + -8
8
What is the value of -9 - (-8 + 9 + -7) - 9?
-12
Evaluate -3 + 8 - (-4 - (21 - 27)).
3
Calculate (-3 - (-4 + 9) - (-15 + 4)) + -18.
-15
What is -4 + (-3 - 1) - (-2 - (1 + 4))?
-1
Evaluate 7 - ((-2 - -3) + -32 + 47).
-9
Calculate -19 + -2 + (-3 - -15).
-9
What is the value of (-7 - 0 - -1) + (-4 - 3) + 3?
-10
What is the value of 93 + -96 - (-13 - 0)?
10
What is the value of -3 - (7 + (1 - 2) - (-269 - -267))?
-11
What is -1 + -6 + 9 + (-5 - -5) + -5?
-3
Calculate -13 + 32 - (7 + 15).
-3
Evaluate 3 + -14 - (9 + -1 + -15 + -1).
-3
10 - ((12 - -1) + (5 - 3))
-5
What is the value of 1 + 15 - (92 + -76)?
0
What is the value of 77 - 88 - (1 - 19) - 25?
-18
Evaluate (25 - 10) + -8 + -10 - -15.
12
What is the value of 22 + -7 - 18 - (-14 + 2)?
9
What is (-7 - 8 - -9) + (-11 - 3) + -4?
-24
What is -9 + 8 + (5 - 8) + -4?
-8
Calculate -6 - (-2 - -8 - (29 + 8)) - 2.
23
22 - -2 - (-19 - -36)
7
What is the value of -36 - (11 + (-6 - (14 + -13)))?
-40
What is (298 - 294 - (-7 - -1)) + -6?
4
What is the value of -25 - -1 - (0 - 15)?
-9
What is 5 + 0 - (94 + -82)?
-7
Calculate -2 - (3 - 2 - (5 - -2)).
4
Calculate (52 - 75) + (12 - -10).
-1
Evaluate -152 - -139 - (-22 - 0).
9
What is the value of 39 + (5 - (-13 - -29)) + (11 - 2)?
37
What is -23 + (2 - 2) + 0 - (-6 + -1)?
-16
Evaluate 33 + -10 + (-1 - -5 - 11).
16
(34 - 29) + 2 + -6
1
What is the value of 5 + 51 + -23 + -12?
21
Calculate 18 - (5 + (-11 - -8)) - -2 - 7.
11
Calculate 11 + -7 + -8 + -2 + 0.
-6
What is the value of 15 - (15 + (6 - 6)) - -15?
15
-5 + (-9 - (-15 - -4)) + 2 + 0
-1
Evaluate 9 + 4 + -14 + 11 - 6.
4
Calculate -11 - -22 - (9 + -6 - -3).
5
What is (4 - (6 + -5) - 11 - 19) + 12?
-15
18 - ((-1 - (-10 - -7 - -3)) + -1)
20
What is -1 + -3 + (13 - (-10 + 18))?
1
Calculate 7 + -5 + (-17 + 4 - (4 + -12)).
-3
Evaluate -4 - (-3 + 1) - -10 - 6.
2
What is 21 + -2 + (16 + -32 - -14 - -2)?
19
236 + -247 + (-1 - -2) - -11
1
What is the value of 3 + (16 + -21 - -10)?
8
What is 52 - (21 + 3) - 25?
3
13 + (-1 + -17 - (-99 + 90)) + -9
-5
-192 - -169 - (-4 + -27)
8
What is the value of 0 + -25 - (22 - (34 - 8))?
-21
What is (-2 + (8 - 9) - -12) + -9?
0
What is 5 + (-1 - -5) + -8?
1
Evaluate -122 + 114 - (3 + -5 - -2).
-8
What is the value of 12 + 0 + (0 - 31 - -23)?
4
What is 1285 + -1249 - (0 - 0)?
36
Calculate -13 + 17 - 1 - 11.
-8
Calculate (-1 - 6) + -34 + 34 + (1 - -4).
-2
Calculate 2 - (-1 + (1 - ((2 - 9) + 9))).
4
Evaluate -14 + -6 + 5 + 2.
-13
Calculate 1 + 23 + (-26 - 15).
-17
Calculate 21 + -6 + 3 + 6 - (-62 - -57).
29
2 + 6 - (-9 + 10 + -3)
10
Calculate 5 + 2 + -4 + (-179 - -188).
12
37 + (15 - (7 + 1)) + -18
26
Calculate 1 - 14 - (-33 - (20 - 38)).
2
Evaluate (-15 - (4 + 4)) + (12 - 2).
-13
Evaluate -29 - 14 - (30 - 69).
-4
Evaluate -30 - -28 - (-6 - 5 - -2).
7
What is the value of (10 - 15) + (2 - 5) + -8 + 1?
-15
What is -1 - (-72 + 69 - (-5 - 0))?
-3
Calculate 0 - 13 - (17 - 23 - (-4 + 1)).
-10
13 - (12 + (-19 - -16 - -2))
2
What is the value of (-3 - (2 - -5)) + 15?
5
What is -6 + 10 + -9 - (9 - 12)?
-2
-3 + (8 + -14 + 6 - (-8 + 2))
3
19 + (-10 - (-17 - 6)) + -8
24
What is (2 - 1) + -2 + -77 + 73?
-5
What is the value of 0 - (-4 + 12 + -1 - 2 - 21)?
16
Evaluate 8 + -14 + 5 + -6.
-7
1 - (-18 - -26 - -3)
-10
What is 8 - -1 - -1 - (-90 - -115)?
-15
(-11 - 4) + (-3 - (-6 + (-3 - -7)))
-16
Evaluate 10 - -6 - 9 - -2.
9
What is 35 - -13 - (1 + -5 - (-2 - 12))?
38
Evaluate (4 - (-1 - -3)) + (1 + -9 - -9).
3
-6 - 1 - (-404 - -386)
11
Evaluate 24 - (63 - (-18 + 28)).
-29
Evaluate -26 + (11 - -31 - 20).
-4
Calculate -5 - 0 - (10 + 4 + -2).
-17
What is -7 - -31 - ((10 - 6) + -3 + -1)?
24
What is the value of 41 + -25 + -5 - 27?
-16
11 + (-11 - -11) + -2 + 4
13
Calculate 154 + -143 + (6 - 3 - 2 - 3).
9
What is the value of 9 + -45 + 12 + 17?
-7
(4 + -3 - -15) + (3 - 3)
16
Calculate 0 + 2 + -6 + 9 - 4 - -13.
14
Calculate -28 - -17 - (3 + -17).
3
Evaluate 1 + -4 + -4 + 14 + -6.
1
Evaluate 3 - 7 - (-2 + -4 + -16).
18
What is the value of 11 - (-3 + -2 - ((-6 - 0) + 0))?
10
What is the value of 311 + -320 + (2 + -3 - 0) - 7?
-17
Calculate (-9 - -3) + (10 - (2 + -3 + -4)).
9
What is 16 + 4 + -9 + 6 + -3?
14
Calculate (-4 - 19) + (171 - 159).
-11
What is -9 - (-17 + -11 + -5 + 2)?
22
-3 - (-23 - -11) - -3
12
Evaluate -76 + 48 + (7 - -12) - (0 + 6).
-15
Calculate -2 + 1 - (5 - (9 - 9 - 5)).
-11
What is 5 - -2 - (35 - 8 - 14)?
-6
Evaluate (9 + 11 - 2) + 7 + -4.
21
What is 46 + 3 + -7 + -15?
27
What is 17 + -10 + 0 - (3 + -4 - -4)?
4
1 + -3 + -10 - (-37 + 32) - -7
0
10 - (-1 + -3 + 7 + -5)
12
Evaluate (70 - (-15 + 54)) + -6.
25
Evaluate (-5 - -13) + (6 - (9 - (5 - 2))).
8
-7 - (3 + -1) - (-4 + (-44 - -58))
-19
What is -13 + (-5 - -8 - ((-1 - -4) + 0))?
-13
What is the value of 76 - 83 - (1 + 3 + -1)?
-10
Evaluate 5 - (9 + -6) - (-5 - (3 - 3)).
7
Calculate 12 - ((-34 - -29) + 22).
-5
Evaluate (-7 + 4 - 3) + 26 + -6.
14
What is (-9 - -2) + (-21 + 48 - 19)?
1
Calculate -3 + -9 - (201 + -216).
3
Calculate -2 - (1 - 4) - (1 + 7 - 18).
11
169 - 173 - (1 + 3)
-8
What is the value of 0 + 19 + -14 + 11?
16
What is the value of -1 + 4 - (-59 + 36)?
26
-8 - (4 + (-1 - 5 - (-40 - -22)))
-24
Calculate 6 + 1 + -34 + -7 + 20.
-14
9 + -1 + -7 - 1
0
What is -14 + (-218 - -253 - (7 - 1))?
15
-17 + (15 + 14 - 14)
-2
Evaluate (20 + -7 - 1) + -8 + -22 - 3.
-21
What is the value of 4 + -1 + -81 + 93?
15
What is the value of 24 - (-21 - (-17 - 25))?
3
3 - 2 - (-4 + -8 - -6)
7
What is 18 + (3 - 19) + -17?
-15
What is the value of 6 + -1 + (-24 - -5) + 0 + 4?
-10
9 + -9 + 5 - -6
11
Evaluate -4 + (-6 + (-5 - -7) - -7).
-1
What is -32 + -15 + (32 - 2)?
-17
Calculate 1 + (3 - 29) + 3 - -7.
-15
-2 + 16 + -14 + 1
1
-7 + 3 + -15 + 13 + (7 - 13)
-12
2 + (-8 + (-7 - -15) - (0 + 1))
1
-2 - -9 - (8 + -11 - 4)
14
Calculate 5 + (-5 - (-3 + -2)) + 6.
11
Evaluate -7 + (12 - 4 - (-6 + 4)).
3
Evaluate 0 + 7 + -3 - (-59 - -40).
23
Evaluate (-12 + 0 - (-175 - -151)) + (2 - 4).
10
What is -8 - -3 - (-1 + -2 + 23 + -13)?
-12
What is (53 - 56) + 18 + -1 + -3?
11
-16 + -18 + 43 + -3 + -3
3
What is the value of 11 + (-28 + 14 - 9)?
-12
What is the value of 12 + -13 + -23 + 9?
-15
Evaluate 0 + 3 - (7 + (0 + -4 - 0)).
0
What is the value of 33 + (-19 + 7 + 5 - 5)?
21
What is the value of -5 - (0 - -4 - ((6 - -3) + -4))?
-4
Calculate 33 + (2 - 36) - 19.
-20
What is the value of 0 + -30 - (-491 - -468)?
-7
Calculate 120 - 105 - (32 + 2).
-19
What is -1 - (15 + 13 + -23)?
-6
Evaluate 9 + 9 + (1 - 29).
-10
(-3 - 1) + (44 - 8) + -36
-4
(27 - -24 - 18) + (1 - 12)
22
(8 - 2) + (51 - 60) + (-2 - 8)
-13
What is the value of -1 - -23 - (11 + 3 + 18 + -26)?
16
What is the value of (6 - 2) + 5 + -21 + 8?
-4
What is the value of (-40 - -26) + 18 - (-18 - 0)?
22
What is the value of -14 + (-7 - -21) + -13?
-13
Calculate 2 + -2 + -11 - (-75 + 13 + 54).
-3
What is -6 + 0 + -24 + (-23 - -40)?
-13
(4 + 0 - -1) + -761 + 759
3
-4 + (5 - -11) - (-73 - -52)
33
What is the value of -3 + (3 - (-6 + 3 + 1) - -5)?
7
19 - (56 + -34) - 3
-6
Evaluate -51 + 42 - (-6 + -7).
4
Calculate (19 - 11) + (0 - (3 - (-1 + 3))).
7
Calculate -3 + (-7 - -3) + (2 - 2) + 8.
1
Evaluate 0 - -5 - (1 + 8).
-4
What is the value of -18 + 1 - (31 + 24 